tors of 1817398?
2, 11, 82609
What are the prime factors of 490693?
7, 70099
What are the prime factors of 420021?
3, 7, 59, 113
What are the prime factors of 17054152?
2, 97, 21977
List the prime factors of 212310.
2, 3, 5, 7, 337
List the prime factors of 646999.
73, 8863
What are the prime factors of 700167?
3, 13, 1381
What are the prime factors of 832447?
7, 11, 19, 569
List the prime factors of 516417.
3, 11, 15649
List the prime factors of 5593513.
5593513
What are the prime factors of 12448886?
2, 193, 32251
List the prime factors of 2680050.
2, 3, 5, 17, 1051
What are the prime factors of 486590?
2, 5, 13, 19, 197
List the prime factors of 4502641.
11, 13, 23, 37
What are the prime factors of 379306?
2, 189653
List the prime factors of 348822.
2, 3, 19379
List the prime factors of 169062.
2, 3, 19, 1483
List the prime factors of 704886.
2, 3, 7, 13, 1291
List the prime factors of 483162.
2, 3, 80527
List the prime factors of 73658.
2, 13, 2833
List the prime factors of 1669438.
2, 41, 20359
List the prime factors of 1666976.
2, 113, 461
List the prime factors of 13458940.
2, 5, 11, 131, 467
What are the prime factors of 417421?
41, 10181
What are the prime factors of 1213986?
2, 3, 19, 23, 463
List the prime factors of 47470.
2, 5, 47, 101
List the prime factors of 7191.
3, 17, 47
What are the prime factors of 1366185?
3, 5, 91079
What are the prime factors of 135923?
29, 43, 109
What are the prime factors of 20098309?
7, 11, 261017
What are the prime factors of 494761?
494761
List the prime factors of 410581.
59, 6959
List the prime factors of 390152.
2, 7, 6967
What are the prime factors of 388400?
2, 5, 971
List the prime factors of 158565.
3, 5, 11, 31
List the prime factors of 1961039.
1961039
What are the prime factors of 1288431?
3, 143159
List the prime factors of 3602055.
3, 5, 41, 5857
List the prime factors of 199207.
199207
What are the prime factors of 329346?
2, 3, 19, 107
List the prime factors of 3069126.
2, 3, 167, 1021
What are the prime factors of 134815?
5, 59, 457
What are the prime factors of 2907366?
2, 3, 7, 11, 29, 31
List the prime factors of 8554822.
2, 31, 4451
What are the prime factors of 386040?
2, 3, 5, 3217
List the prime factors of 3671976.
2, 3, 7, 11, 1987
List the prime factors of 13831642.
2, 11, 17, 31, 1193
List the prime factors of 183456.
2, 3, 7, 13
List the prime factors of 1025631.
3, 83, 1373
What are the prime factors of 146386?
2, 53, 1381
List the prime factors of 304374.
2, 3, 7, 7247
What are the prime factors of 870563?
379, 2297
What are the prime factors of 10914706?
2, 11, 496123
List the prime factors of 171942.
2, 3, 28657
List the prime factors of 1347099.
3, 13, 2657
What are the prime factors of 526462?
2, 461, 571
What are the prime factors of 111194?
2, 53, 1049
What are the prime factors of 264572?
2, 7, 11, 859
List the prime factors of 31310894.
2, 29, 539843
List the prime factors of 10403963.
19, 547577
List the prime factors of 22541391.
3, 19, 61, 2161
What are the prime factors of 1501821?
3, 18541
List the prime factors of 4635233.
139, 33347
What are the prime factors of 39066632?
2, 11, 443939
What are the prime factors of 8246590?
2, 5, 11, 61, 1229
What are the prime factors of 12045?
3, 5, 11, 73
List the prime factors of 11104378.
2, 5552189
What are the prime factors of 164003?
7, 3347
List the prime factors of 6888166.
2, 3444083
List the prime factors of 2252464.
2, 140779
What are the prime factors of 1348324?
2, 337081
List the prime factors of 3802516.
2, 353, 2693
What are the prime factors of 285330?
2, 3, 5, 9511
List the prime factors of 496454.
2, 7, 35461
What are the prime factors of 1945166?
2, 139, 6997
List the prime factors of 57472.
2, 449
List the prime factors of 120975.
3, 5, 1613
What are the prime factors of 1525438?
2, 179, 4261
List the prime factors of 2814776.
2, 351847
What are the prime factors of 7961798?
2, 13, 19, 71, 227
What are the prime factors of 97776?
2, 3, 7, 97
List the prime factors of 19562551.
19562551
What are the prime factors of 180106?
2, 90053
List the prime factors of 1792426.
2, 557, 1609
What are the prime factors of 7546516?
2, 31, 60859
List the prime factors of 1713686.
2, 13, 19, 3469
What are the prime factors of 10005761?
19, 526619
List the prime factors of 194245.
5, 53, 733
List the prime factors of 7306834.
2, 37, 293, 337
What are the prime factors of 2957940?
2, 3, 5, 16433
What are the prime factors of 2176320?
2, 3, 5, 2267
List the prime factors of 5981320.
2, 5, 149533
What are the prime factors of 4377338?
2, 7, 191, 1637
List the prime factors of 3694794.
2, 3, 615799
What are the prime factors of 54385?
5, 73, 149
What are the prime factors of 15856946?
2, 7, 1132639
List the prime factors of 563672.
2, 70459
What are the prime factors of 998443?
998443
What are the prime factors of 13506?
2, 3, 2251
List the prime factors of 6532227.
3, 13, 31, 1801
List the prime factors of 3401414.
2, 787, 2161
List the prime factors of 1337626.
2, 668813
What are the prime factors of 4920144?
2, 3, 102503
List the prime factors of 1847327.
1847327
What are the prime factors of 9122512?
2, 7, 47, 1733
List the prime factors of 876062.
2, 11, 39821
List the prime factors of 316720.
2, 5, 37, 107
List the prime factors of 3427398.
2, 3, 13, 97, 151
What are the prime factors of 6014501?
277, 21713
List the prime factors of 4717404.
2, 3, 59, 2221
List the prime factors of 128365.
5, 25673
List the prime factors of 217021.
7, 43, 103
List the prime factors of 211314.
2, 3, 41, 859
List the prime factors of 10704963.
3, 1889
List the prime factors of 898721.
31, 53, 547
List the prime factors of 19035648.
2, 3, 17
List the prime factors of 26885956.
2, 6721489
List the prime factors of 90815.
5, 41, 443
List the prime factors of 278744.
2, 34843
List the prime factors of 328610.
2, 5, 17, 1933
List the prime factors of 6564278.
2, 7, 17, 27581
What are the prime factors of 431409?
3, 11, 17, 769
List the prime factors of 103855.
5, 20771
What are the prime factors of 1719117?
3, 63671
What are the prime factors of 14751503?
13, 191, 457
List the prime factors of 1332406.
2, 666203
List the prime factors of 15656922.
2, 3, 31, 47, 199
What are the prime factors of 1144720?
2, 5, 41, 349
What are the prime factors of 328496?
2, 7, 419
What are the prime factors of 2575068?
2, 3, 214589
What are the prime factors of 1176251?
107, 10993
List the prime factors of 66359.
66359
List the prime factors of 5845283.
373, 15671
What are the prime factors of 2144732?
2, 131, 4093
What are the prime factors of 734625?
3, 5, 653
What are the prime factors of 3731490?
2, 3, 5, 7, 5923
What are the prime factors of 1290152?
2, 29, 67, 83
What are the prime factors of 3259187?
1097, 2971
List the prime factors of 708064.
2, 7, 29, 109
What are the prime factors of 385702?
2, 31, 6221
List the prime factors of 1386568.
2, 31, 5591
What are the prime factors of 3252810?
2, 3, 5, 11, 9857
List the prime factors of 3352023.
3, 29, 1427
List the prime factors of 231397.
149, 1553
List the prime factors of 1244646.
2, 3, 13, 197
What are the prime factors of 1346555?
5, 7, 79, 487
List the prime factors of 159897.
3, 53299
List the prime factors of 14239190.
2, 5, 7, 203417
List the prime factors of 83158.
2, 41579
List the prime factors of 4801990.
2, 5, 17, 47, 601
What are the prime factors of 510522?
2, 3, 85087
List the prime factors of 32287087.
7, 311, 14831
What are the prime factors of 635270?
2, 5, 63527
What are the prime factors of 1239917?
7, 177131
List the prime factors of 14514574.
2, 41, 177007
What are the prime factors of 165894?
2, 3, 43, 643
What are the prime factors of 490256?
2, 13, 2357
What are the prime factors of 23442694?
2, 11, 17, 19, 3299
What are the prime factors of 1145646?
2, 3, 63647
List the prime factors of 2454673.
13, 31, 6091
What are the prime factors of 1333657?
13, 173, 593
What are the prime factors of 12240981?
3, 353, 3853
List the prime factors of 7495406.
2, 3747703
What are the prime factors of 337808?
2, 43, 491
What are the prime factors of 1165827?
3, 13, 167, 179
List the prime factors of 2922735.
3, 5, 271, 719
List the prime factors of 551541.
3, 157, 1171
List the prim